{"id":516,"date":"2022-10-04T13:08:15","date_gmt":"2022-10-04T13:08:15","guid":{"rendered":"https:\/\/www.cssigniter.com\/elementor-demos\/beat\/?page_id=24"},"modified":"2026-02-17T01:12:03","modified_gmt":"2026-02-17T01:12:03","slug":"home","status":"publish","type":"page","link":"https:\/\/www.mariaparrado.com\/","title":{"rendered":"Home"},"content":{"rendered":"\t\t<div data-elementor-type=\"wp-page\" data-elementor-id=\"516\" class=\"elementor elementor-516\">\n\t\t\t\t\t\t<section class=\"elementor-section elementor-top-section elementor-element elementor-element-6e28eca elementor-section-height-min-height elementor-section-items-bottom elementor-section-boxed elementor-section-height-default\" data-id=\"6e28eca\" data-element_type=\"section\" data-settings=\"{&quot;background_background&quot;:&quot;classic&quot;}\">\n\t\t\t\t\t\t<div class=\"elementor-container elementor-column-gap-extended\">\n\t\t\t\t\t<div class=\"elementor-column elementor-col-100 elementor-top-column elementor-element elementor-element-e3b94b4\" data-id=\"e3b94b4\" data-element_type=\"column\">\n\t\t\t<div class=\"elementor-widget-wrap elementor-element-populated\">\n\t\t\t\t\t\t<div class=\"elementor-element elementor-element-eb5dff4 elementor-widget elementor-widget-spacer\" data-id=\"eb5dff4\" data-element_type=\"widget\" data-widget_type=\"spacer.default\">\n\t\t\t\t\t\t\t<div class=\"elementor-spacer\">\n\t\t\t<div class=\"elementor-spacer-inner\"><\/div>\n\t\t<\/div>\n\t\t\t\t\t\t<\/div>\n\t\t\t\t<div class=\"elementor-element elementor-element-aa636fb elementor-widget elementor-widget-spacer\" data-id=\"aa636fb\" data-element_type=\"widget\" data-widget_type=\"spacer.default\">\n\t\t\t\t\t\t\t<div class=\"elementor-spacer\">\n\t\t\t<div class=\"elementor-spacer-inner\"><\/div>\n\t\t<\/div>\n\t\t\t\t\t\t<\/div>\n\t\t\t\t<div class=\"elementor-element elementor-element-70da09d elementor-align-center elementor-widget elementor-widget-button\" data-id=\"70da09d\" data-element_type=\"widget\" data-widget_type=\"button.default\">\n\t\t\t\t\t\t\t\t\t\t<a class=\"elementor-button elementor-button-link elementor-size-sm elementor-animation-pulse\" href=\"https:\/\/mariaparrado.com\/?page_id=11\">\n\t\t\t\t\t\t<span class=\"elementor-button-content-wrapper\">\n\t\t\t\t\t\t\t\t\t<span class=\"elementor-button-text\">TIENDA<\/span>\n\t\t\t\t\t<\/span>\n\t\t\t\t\t<\/a>\n\t\t\t\t\t\t\t\t<\/div>\n\t\t\t\t\t<\/div>\n\t\t<\/div>\n\t\t\t\t\t<\/div>\n\t\t<\/section>\n\t\t\t\t<section class=\"elementor-section elementor-top-section elementor-element elementor-element-1bfd53b elementor-section-boxed elementor-section-height-default elementor-section-height-default\" data-id=\"1bfd53b\" data-element_type=\"section\">\n\t\t\t\t\t\t<div class=\"elementor-container elementor-column-gap-extended\">\n\t\t\t\t\t<div class=\"elementor-column elementor-col-100 elementor-top-column elementor-element elementor-element-f39af75\" data-id=\"f39af75\" data-element_type=\"column\">\n\t\t\t<div class=\"elementor-widget-wrap elementor-element-populated\">\n\t\t\t\t\t\t<div class=\"elementor-element elementor-element-32d206b elementor-widget elementor-widget-spacer\" data-id=\"32d206b\" data-element_type=\"widget\" data-widget_type=\"spacer.default\">\n\t\t\t\t\t\t\t<div class=\"elementor-spacer\">\n\t\t\t<div class=\"elementor-spacer-inner\"><\/div>\n\t\t<\/div>\n\t\t\t\t\t\t<\/div>\n\t\t\t\t<div class=\"elementor-element elementor-element-13b9027 elementor-widget elementor-widget-heading\" data-id=\"13b9027\" data-element_type=\"widget\" data-widget_type=\"heading.default\">\n\t\t\t\t\t<h2 class=\"elementor-heading-title elementor-size-default\">Pr\u00f3ximos Conciertos<\/h2>\t\t\t\t<\/div>\n\t\t\t\t<div class=\"elementor-element elementor-element-5434cfe elementor-widget-divider--view-line elementor-widget elementor-widget-divider\" data-id=\"5434cfe\" data-element_type=\"widget\" id=\"conciertos\" data-widget_type=\"divider.default\">\n\t\t\t\t\t\t\t<div class=\"elementor-divider\">\n\t\t\t<span class=\"elementor-divider-separator\">\n\t\t\t\t\t\t<\/span>\n\t\t<\/div>\n\t\t\t\t\t\t<\/div>\n\t\t\t\t\t<\/div>\n\t\t<\/div>\n\t\t\t\t\t<\/div>\n\t\t<\/section>\n\t\t<div class=\"elementor-element elementor-element-8df4d00 e-grid e-con-boxed e-con e-parent\" data-id=\"8df4d00\" data-element_type=\"container\">\n\t\t\t\t\t<div class=\"e-con-inner\">\n\t\t\t\t<div class=\"elementor-element elementor-element-70a2636 elementor-widget elementor-widget-heading\" data-id=\"70a2636\" data-element_type=\"widget\" data-widget_type=\"heading.default\">\n\t\t\t\t\t<h3 class=\"elementor-heading-title elementor-size-default\"><a href=\"https:\/\/www.ultimaentrada.com\/comprar-entradas\/concierto\/maria-parrado-en-sala-x-sevilla\" target=\"_blank\">SEVILLA - 12 DE JUNIO\n<p> SALA X <span style=\"letter-spacing: -0.03em\"><\/span><\/p><\/a><\/h3>\t\t\t\t<\/div>\n\t\t\t\t<div class=\"elementor-element elementor-element-81410fa elementor-widget elementor-widget-heading\" data-id=\"81410fa\" data-element_type=\"widget\" data-widget_type=\"heading.default\">\n\t\t\t\t\t<h3 class=\"elementor-heading-title elementor-size-default\">\n\n                     <\/h3>\t\t\t\t<\/div>\n\t\t\t\t<div class=\"elementor-element elementor-element-91796b4 elementor-widget elementor-widget-heading\" data-id=\"91796b4\" data-element_type=\"widget\" data-widget_type=\"heading.default\">\n\t\t\t\t\t<h3 class=\"elementor-heading-title elementor-size-default\">\n\n                     <\/h3>\t\t\t\t<\/div>\n\t\t\t\t\t<\/div>\n\t\t\t\t<\/div>\n\t\t\t\t<section class=\"elementor-section elementor-top-section elementor-element elementor-element-b872b19 elementor-section-boxed elementor-section-height-default elementor-section-height-default\" data-id=\"b872b19\" data-element_type=\"section\">\n\t\t\t\t\t\t<div class=\"elementor-container elementor-column-gap-extended\">\n\t\t\t\t\t<div class=\"elementor-column elementor-col-100 elementor-top-column elementor-element elementor-element-91f4d59\" data-id=\"91f4d59\" data-element_type=\"column\">\n\t\t\t<div class=\"elementor-widget-wrap elementor-element-populated\">\n\t\t\t\t\t\t<div class=\"elementor-element elementor-element-c2f3168 elementor-widget elementor-widget-heading\" data-id=\"c2f3168\" data-element_type=\"widget\" data-widget_type=\"heading.default\">\n\t\t\t\t\t<h2 class=\"elementor-heading-title elementor-size-default\">CD LNQF<\/h2>\t\t\t\t<\/div>\n\t\t\t\t<div class=\"elementor-element elementor-element-b4443a8 elementor-widget-divider--view-line elementor-widget elementor-widget-divider\" data-id=\"b4443a8\" data-element_type=\"widget\" data-widget_type=\"divider.default\">\n\t\t\t\t\t\t\t<div class=\"elementor-divider\">\n\t\t\t<span class=\"elementor-divider-separator\">\n\t\t\t\t\t\t<\/span>\n\t\t<\/div>\n\t\t\t\t\t\t<\/div>\n\t\t\t\t<div class=\"elementor-element elementor-element-7641133 elementor-widget elementor-widget-shortcode\" data-id=\"7641133\" data-element_type=\"widget\" data-widget_type=\"shortcode.default\">\n\t\t\t\t\t\t\t<div class=\"elementor-shortcode\"><div id=\"audioigniter-69\" class=\"audioigniter-root \" data-player-type=\"full\" data-tracks-url=\"https:\/\/www.mariaparrado.com\/?audioigniter_playlist_id=69\" data-display-track-no=\"false\" data-reverse-track-order=\"false\" data-display-tracklist-covers=\"false\" data-display-active-cover=\"true\" data-display-artist-names=\"false\" data-display-buy-buttons=\"true\" data-buy-buttons-target=\"false\" data-cycle-tracks=\"false\" data-display-credits=\"false\" data-display-tracklist=\"true\" data-allow-tracklist-toggle=\"true\" data-allow-tracklist-loop=\"true\" data-limit-tracklist-height=\"true\" data-volume=\"100\" data-tracklist-height=\"185\" ><\/div><\/div>\n\t\t\t\t\t\t<\/div>\n\t\t\t\t\t<\/div>\n\t\t<\/div>\n\t\t\t\t\t<\/div>\n\t\t<\/section>\n\t\t\t\t<section class=\"elementor-section elementor-top-section elementor-element elementor-element-ddbfc5d elementor-section-height-min-height elementor-section-boxed elementor-section-height-default elementor-section-items-middle\" data-id=\"ddbfc5d\" data-element_type=\"section\" data-settings=\"{&quot;background_background&quot;:&quot;classic&quot;}\">\n\t\t\t\t\t\t<div class=\"elementor-container elementor-column-gap-extended\">\n\t\t\t\t\t<div class=\"elementor-column elementor-col-50 elementor-top-column elementor-element elementor-element-c288f2c\" data-id=\"c288f2c\" data-element_type=\"column\">\n\t\t\t<div class=\"elementor-widget-wrap elementor-element-populated\">\n\t\t\t\t\t\t<div class=\"elementor-element elementor-element-2a8cafe elementor-widget elementor-widget-heading\" data-id=\"2a8cafe\" data-element_type=\"widget\" data-widget_type=\"heading.default\">\n\t\t\t\t\t<h2 class=\"elementor-heading-title elementor-size-default\">BIOGRAF\u00cdA<\/h2>\t\t\t\t<\/div>\n\t\t\t\t<div class=\"elementor-element elementor-element-f53e66d elementor-widget elementor-widget-text-editor\" data-id=\"f53e66d\" data-element_type=\"widget\" id=\"biografia\" data-widget_type=\"text-editor.default\">\n\t\t\t\t\t\t\t\t\t<p data-start=\"134\" data-end=\"536\">Desde muy peque\u00f1a, <strong data-start=\"153\" data-end=\"170\">Mar\u00eda Parrado<\/strong> supo que la m\u00fasica formar\u00eda parte de su vida. Nacida en C\u00e1diz, comenz\u00f3 a cantar con apenas seis a\u00f1os y pronto se convirti\u00f3 en una de las voces j\u00f3venes m\u00e1s reconocibles del panorama espa\u00f1ol. Su salto a la fama lleg\u00f3 en 2014, cuando gan\u00f3 la primera edici\u00f3n de <strong data-start=\"429\" data-end=\"446\">\u201cLa Voz Kids\u201d<\/strong>, cautivando a millones de espectadores con su voz delicada y su madurez interpretativa.<\/p><p data-start=\"538\" data-end=\"898\">Ese mismo a\u00f1o public\u00f3 su primer \u00e1lbum, <strong data-start=\"577\" data-end=\"596\">\u201cMar\u00eda Parrado\u201d<\/strong>, que debut\u00f3 en el n\u00famero uno de ventas en Espa\u00f1a y marc\u00f3 el inicio de una carrera s\u00f3lida y llena de emoci\u00f3n. A este le siguieron <strong data-start=\"726\" data-end=\"744\">\u201cAbril\u201d (2015)<\/strong>, un trabajo m\u00e1s personal y luminoso, y <strong data-start=\"784\" data-end=\"801\">\u201cAlas\u201d (2018)<\/strong>, donde Mar\u00eda mostr\u00f3 una evoluci\u00f3n art\u00edstica m\u00e1s profunda y una b\u00fasqueda de nuevas sonoridades.<\/p><p data-start=\"900\" data-end=\"1433\">En <strong data-start=\"903\" data-end=\"911\">2023<\/strong> present\u00f3 <strong data-start=\"921\" data-end=\"934\">\u201cConmigo\u201d<\/strong>, un proyecto que marc\u00f3 un punto de inflexi\u00f3n en su carrera y la mostr\u00f3 m\u00e1s libre y madura. En <strong data-start=\"1029\" data-end=\"1037\">2024<\/strong> lanz\u00f3 el EP <strong data-start=\"1050\" data-end=\"1062\">\u201cVinilo\u201d<\/strong>, una propuesta m\u00e1s \u00edntima y experimental, y en <strong data-start=\"1110\" data-end=\"1118\">2025<\/strong> regres\u00f3 con <strong data-start=\"1131\" data-end=\"1152\">\u201cLa Ni\u00f1a Que Fui\u201d<\/strong>, un \u00e1lbum que conecta con sus ra\u00edces y refleja su crecimiento tanto art\u00edstico como vital. En \u00e9l, Mar\u00eda se reencuentra con la ni\u00f1a que so\u00f1aba con cantar, mezclando vulnerabilidad, madurez y una sensibilidad que la consolidan como una de las voces m\u00e1s aut\u00e9nticas de su generaci\u00f3n.<\/p><p data-start=\"1435\" data-end=\"1778\">Adem\u00e1s de su carrera discogr\u00e1fica, Mar\u00eda ha puesto su voz a importantes producciones cinematogr\u00e1ficas. Interpret\u00f3 las canciones de <strong data-start=\"1566\" data-end=\"1577\">\u201cAnnie\u201d<\/strong> (versi\u00f3n espa\u00f1ola) y dio vida musical a <strong data-start=\"1618\" data-end=\"1628\">Vaiana<\/strong>, protagonista de la exitosa pel\u00edcula de <strong data-start=\"1669\" data-end=\"1679\">Disney<\/strong>. Estas experiencias ampliaron su registro art\u00edstico y la acercaron a\u00fan m\u00e1s al p\u00fablico m\u00e1s joven.<\/p><p data-start=\"1780\" data-end=\"2072\">A lo largo de su trayectoria, ha recorrido los principales escenarios de Espa\u00f1a, colaborado con grandes artistas y compartido con su p\u00fablico un camino de crecimiento y verdad. Hoy, <strong data-start=\"1961\" data-end=\"1978\">Mar\u00eda Parrado<\/strong> contin\u00faa cantando desde el coraz\u00f3n, fiel a su esencia y a esa ni\u00f1a que nunca dej\u00f3 de so\u00f1ar.<\/p>\t\t\t\t\t\t\t\t<\/div>\n\t\t\t\t\t<\/div>\n\t\t<\/div>\n\t\t\t\t<div class=\"elementor-column elementor-col-50 elementor-top-column elementor-element elementor-element-caa533a elementor-hidden-tablet elementor-hidden-mobile\" data-id=\"caa533a\" data-element_type=\"column\">\n\t\t\t<div class=\"elementor-widget-wrap\">\n\t\t\t\t\t\t\t<\/div>\n\t\t<\/div>\n\t\t\t\t\t<\/div>\n\t\t<\/section>\n\t\t\t\t<section class=\"elementor-section elementor-top-section elementor-element elementor-element-8f925a3 elementor-section-content-middle elementor-section-boxed elementor-section-height-default elementor-section-height-default\" data-id=\"8f925a3\" data-element_type=\"section\" data-settings=\"{&quot;background_background&quot;:&quot;classic&quot;}\">\n\t\t\t\t\t\t<div class=\"elementor-container elementor-column-gap-extended\">\n\t\t\t\t\t<div class=\"elementor-column elementor-col-100 elementor-top-column elementor-element elementor-element-ca1cc23\" data-id=\"ca1cc23\" data-element_type=\"column\">\n\t\t\t<div class=\"elementor-widget-wrap elementor-element-populated\">\n\t\t\t\t\t\t<div class=\"elementor-element elementor-element-423fc22 elementor-widget elementor-widget-spacer\" data-id=\"423fc22\" data-element_type=\"widget\" data-widget_type=\"spacer.default\">\n\t\t\t\t\t\t\t<div class=\"elementor-spacer\">\n\t\t\t<div class=\"elementor-spacer-inner\"><\/div>\n\t\t<\/div>\n\t\t\t\t\t\t<\/div>\n\t\t\t\t<div class=\"elementor-element elementor-element-ddf0e34 elementor-widget elementor-widget-heading\" data-id=\"ddf0e34\" data-element_type=\"widget\" data-widget_type=\"heading.default\">\n\t\t\t\t\t<h2 class=\"elementor-heading-title elementor-size-default\">VIDEOCLIPS<\/h2>\t\t\t\t<\/div>\n\t\t\t\t<div class=\"elementor-element elementor-element-01d81f3 elementor-widget-divider--view-line elementor-widget elementor-widget-divider\" data-id=\"01d81f3\" data-element_type=\"widget\" data-widget_type=\"divider.default\">\n\t\t\t\t\t\t\t<div class=\"elementor-divider\">\n\t\t\t<span class=\"elementor-divider-separator\">\n\t\t\t\t\t\t<\/span>\n\t\t<\/div>\n\t\t\t\t\t\t<\/div>\n\t\t\t\t\t<\/div>\n\t\t<\/div>\n\t\t\t\t\t<\/div>\n\t\t<\/section>\n\t\t<div class=\"elementor-element elementor-element-8dfef69 e-grid e-con-boxed e-con e-parent\" data-id=\"8dfef69\" data-element_type=\"container\">\n\t\t\t\t\t<div class=\"e-con-inner\">\n\t\t\t\t<div class=\"elementor-element elementor-element-68ff084 elementor-widget elementor-widget-video\" data-id=\"68ff084\" data-element_type=\"widget\" id=\"videoclips\" data-settings=\"{&quot;youtube_url&quot;:&quot;https:\\\/\\\/www.youtube.com\\\/watch?v=zD3iw839I5k&quot;,&quot;video_type&quot;:&quot;youtube&quot;,&quot;controls&quot;:&quot;yes&quot;}\" data-widget_type=\"video.default\">\n\t\t\t\t\t\t\t<div class=\"elementor-wrapper elementor-open-inline\">\n\t\t\t<div class=\"elementor-video\"><\/div>\t\t<\/div>\n\t\t\t\t\t\t<\/div>\n\t\t\t\t<div class=\"elementor-element elementor-element-6098072 elementor-widget elementor-widget-video\" data-id=\"6098072\" data-element_type=\"widget\" data-settings=\"{&quot;youtube_url&quot;:&quot;https:\\\/\\\/www.youtube.com\\\/watch?v=ukWAbexRs_o&quot;,&quot;video_type&quot;:&quot;youtube&quot;,&quot;controls&quot;:&quot;yes&quot;}\" data-widget_type=\"video.default\">\n\t\t\t\t\t\t\t<div class=\"elementor-wrapper elementor-open-inline\">\n\t\t\t<div class=\"elementor-video\"><\/div>\t\t<\/div>\n\t\t\t\t\t\t<\/div>\n\t\t\t\t<div class=\"elementor-element elementor-element-2c05d48 elementor-widget elementor-widget-video\" data-id=\"2c05d48\" data-element_type=\"widget\" data-settings=\"{&quot;youtube_url&quot;:&quot;https:\\\/\\\/www.youtube.com\\\/watch?v=yiZB1o8_V0U&quot;,&quot;video_type&quot;:&quot;youtube&quot;,&quot;controls&quot;:&quot;yes&quot;}\" data-widget_type=\"video.default\">\n\t\t\t\t\t\t\t<div class=\"elementor-wrapper elementor-open-inline\">\n\t\t\t<div class=\"elementor-video\"><\/div>\t\t<\/div>\n\t\t\t\t\t\t<\/div>\n\t\t\t\t<div class=\"elementor-element elementor-element-cbb272d elementor-widget elementor-widget-video\" data-id=\"cbb272d\" data-element_type=\"widget\" data-settings=\"{&quot;youtube_url&quot;:&quot;https:\\\/\\\/www.youtube.com\\\/watch?v=icefWxHwaP8&quot;,&quot;video_type&quot;:&quot;youtube&quot;,&quot;controls&quot;:&quot;yes&quot;}\" data-widget_type=\"video.default\">\n\t\t\t\t\t\t\t<div class=\"elementor-wrapper elementor-open-inline\">\n\t\t\t<div class=\"elementor-video\"><\/div>\t\t<\/div>\n\t\t\t\t\t\t<\/div>\n\t\t\t\t<div class=\"elementor-element elementor-element-79e0805 elementor-widget elementor-widget-video\" data-id=\"79e0805\" data-element_type=\"widget\" data-settings=\"{&quot;youtube_url&quot;:&quot;https:\\\/\\\/www.youtube.com\\\/watch?v=2byOH4TsLjM&quot;,&quot;video_type&quot;:&quot;youtube&quot;,&quot;controls&quot;:&quot;yes&quot;}\" data-widget_type=\"video.default\">\n\t\t\t\t\t\t\t<div class=\"elementor-wrapper elementor-open-inline\">\n\t\t\t<div class=\"elementor-video\"><\/div>\t\t<\/div>\n\t\t\t\t\t\t<\/div>\n\t\t\t\t<div class=\"elementor-element elementor-element-128d330 elementor-widget elementor-widget-video\" data-id=\"128d330\" data-element_type=\"widget\" data-settings=\"{&quot;youtube_url&quot;:&quot;https:\\\/\\\/www.youtube.com\\\/watch?v=zrVwqUiIIg8&quot;,&quot;video_type&quot;:&quot;youtube&quot;,&quot;controls&quot;:&quot;yes&quot;}\" data-widget_type=\"video.default\">\n\t\t\t\t\t\t\t<div class=\"elementor-wrapper elementor-open-inline\">\n\t\t\t<div class=\"elementor-video\"><\/div>\t\t<\/div>\n\t\t\t\t\t\t<\/div>\n\t\t\t\t\t<\/div>\n\t\t\t\t<\/div>\n\t\t<div class=\"elementor-element elementor-element-37a31e0 e-flex e-con-boxed e-con e-parent\" data-id=\"37a31e0\" data-element_type=\"container\">\n\t\t\t\t\t<div class=\"e-con-inner\">\n\t\t\t\t<div class=\"elementor-element elementor-element-f61b109 elementor-widget-divider--view-line elementor-widget elementor-widget-divider\" data-id=\"f61b109\" data-element_type=\"widget\" data-widget_type=\"divider.default\">\n\t\t\t\t\t\t\t<div class=\"elementor-divider\">\n\t\t\t<span class=\"elementor-divider-separator\">\n\t\t\t\t\t\t<\/span>\n\t\t<\/div>\n\t\t\t\t\t\t<\/div>\n\t\t\t\t\t<\/div>\n\t\t\t\t<\/div>\n\t\t\t\t<\/div>\n\t\t","protected":false},"excerpt":{"rendered":"<p>TIENDA Pr\u00f3ximos Conciertos SEVILLA &#8211; 12 DE JUNIO SALA X CD LNQF BIOGRAF\u00cdA Desde muy peque\u00f1a, Mar\u00eda Parrado supo que la m\u00fasica formar\u00eda parte de su vida. Nacida en C\u00e1diz, comenz\u00f3 a cantar con apenas [&hellip;]<\/p>\n","protected":false},"author":1,"featured_media":0,"parent":0,"menu_order":0,"comment_status":"closed","ping_status":"closed","template":"templates\/template-fullwidth.php","meta":{"inline_featured_image":false,"footnotes":""},"class_list":["post-516","page","type-page","status-publish","hentry"],"aioseo_notices":[],"jetpack_sharing_enabled":true,"_links":{"self":[{"href":"https:\/\/www.mariaparrado.com\/index.php?rest_route=\/wp\/v2\/pages\/516","targetHints":{"allow":["GET"]}}],"collection":[{"href":"https:\/\/www.mariaparrado.com\/index.php?rest_route=\/wp\/v2\/pages"}],"about":[{"href":"https:\/\/www.mariaparrado.com\/index.php?rest_route=\/wp\/v2\/types\/page"}],"author":[{"embeddable":true,"href":"https:\/\/www.mariaparrado.com\/index.php?rest_route=\/wp\/v2\/users\/1"}],"replies":[{"embeddable":true,"href":"https:\/\/www.mariaparrado.com\/index.php?rest_route=%2Fwp%2Fv2%2Fcomments&post=516"}],"version-history":[{"count":199,"href":"https:\/\/www.mariaparrado.com\/index.php?rest_route=\/wp\/v2\/pages\/516\/revisions"}],"predecessor-version":[{"id":1128,"href":"https:\/\/www.mariaparrado.com\/index.php?rest_route=\/wp\/v2\/pages\/516\/revisions\/1128"}],"wp:attachment":[{"href":"https:\/\/www.mariaparrado.com\/index.php?rest_route=%2Fwp%2Fv2%2Fmedia&parent=516"}],"curies":[{"name":"wp","href":"https:\/\/api.w.org\/{rel}","templated":true}]}}